hat is the greatest common divisor of 336 and 219264?
48
Calculate the highest common factor of 24 and 3342.
6
Calculate the greatest common divisor of 1227179 and 5032.
629
What is the highest common divisor of 2340792 and 432?
216
Calculate the highest common divisor of 5887 and 1211.
7
What is the highest common divisor of 1274 and 754?
26
Calculate the greatest common factor of 12 and 8485056.
12
What is the greatest common divisor of 52909 and 2669?
157
What is the greatest common factor of 78 and 1131?
39
Calculate the greatest common divisor of 348 and 210192.
348
What is the highest common factor of 21 and 3750?
3
Calculate the greatest common factor of 2966 and 1644647.
1483
Calculate the greatest common factor of 79382 and 190.
38
Calculate the highest common factor of 4854 and 24.
6
Calculate the highest common factor of 280 and 370.
10
What is the greatest common factor of 56796 and 100?
4
What is the greatest common divisor of 84939 and 1449?
69
Calculate the greatest common factor of 280842 and 12.
6
What is the highest common factor of 2618 and 146030?
34
What is the greatest common factor of 70 and 43162?
14
Calculate the greatest common factor of 40 and 155580.
20
What is the greatest common divisor of 54 and 3321?
27
What is the highest common divisor of 1332 and 3733929?
333
Calculate the greatest common divisor of 15 and 3186660.
15
Calculate the highest common factor of 3520 and 15320.
40
What is the greatest common divisor of 3269 and 4039?
7
Calculate the greatest common factor of 120 and 5475.
15
Calculate the greatest common factor of 164161 and 1002.
167
What is the highest common divisor of 408 and 33163464?
408
What is the greatest common divisor of 24801 and 63?
21
Calculate the greatest common divisor of 111011 and 713.
31
Calculate the greatest common factor of 92 and 1948928.
92
Calculate the greatest common factor of 917 and 7.
7
Calculate the greatest common factor of 85380 and 36.
12
Calculate the highest common divisor of 753 and 25351.
251
What is the highest common divisor of 60 and 2488900?
20
Calculate the greatest common factor of 217962 and 36.
18
Calculate the greatest common factor of 144 and 70080.
48
What is the highest common divisor of 11106 and 288?
18
Calculate the highest common divisor of 192 and 6924.
12
Calculate the greatest common factor of 102546 and 31590.
486
What is the highest common factor of 11613 and 316?
79
What is the highest common factor of 74547 and 4752?
297
Calculate the highest common factor of 494 and 1223258.
38
Calculate the greatest common divisor of 26 and 899.
1
What is the greatest common factor of 10335 and 46605?
195
Calculate the highest common factor of 1079148 and 174.
174
What is the highest common divisor of 834973 and 139?
139
Calculate the greatest common divisor of 4436 and 128.
4
Calculate the highest common factor of 27 and 183357.
27
What is the greatest common divisor of 4094 and 100?
2
Calculate the highest common factor of 36 and 632.
4
Calculate the greatest common divisor of 4174750 and 250.
250
What is the highest common factor of 9912021 and 42?
21
What is the highest common divisor of 6613 and 1921?
17
What is the highest common factor of 104679 and 486?
27
Calculate the greatest common factor of 143300 and 100.
100
Calculate the greatest common factor of 108273 and 37026.
561
What is the highest common factor of 43614 and 18?
18
Calculate the greatest common factor of 767 and 44722.
59
What is the greatest common divisor of 1317300 and 3300?
300
Calculate the greatest common divisor of 203179 and 995.
199
What is the greatest common factor of 69 and 726?
3
What is the highest common factor of 13225 and 874?
23
Calculate the highest common factor of 1625 and 41275.
325
Calculate the highest common factor of 102 and 1219206.
102
What is the greatest common divisor of 102 and 53598?
6
What is the greatest common divisor of 700857 and 258?
129
Calculate the highest common factor of 18981 and 342.
171
What is the greatest common factor of 161462 and 686?
14
Calculate the greatest common factor of 33 and 1111.
11
Calculate the highest common divisor of 5247 and 132.
33
Calculate the greatest common divisor of 105 and 2370.
15
Calculate the highest common factor of 767151 and 154.
77
Calculate the greatest common factor of 69470 and 30.
10
What is the greatest common divisor of 12 and 48780?
12
What is the greatest common factor of 1412 and 364?
4
What is the highest common factor of 158 and 37525?
79
What is the greatest common divisor of 8294 and 1976?
26
Calculate the greatest common factor of 112 and 5568.
16
Calculate the greatest common factor of 77160 and 330.
30
Calculate the greatest common factor of 6777 and 51706.
251
Calculate the greatest common factor of 1152 and 612.
36
Calculate the highest common divisor of 43367 and 17.
17
Calculate the greatest common divisor of 4161 and 2793.
57
Calculate the greatest common divisor of 604 and 1058963.
151
Calculate the highest common factor of 8 and 72.
8
Calculate the highest common factor of 98 and 12544.
98
What is the highest common divisor of 66 and 354794?
22
What is the highest common divisor of 815 and 1106281?
163
Calculate the highest common divisor of 134875 and 2905.
415
Calculate the greatest common factor of 110 and 1930.
10
Calculate the highest common factor of 14140 and 204525.
505
Calculate the greatest common divisor of 1293598 and 68.
34
What is the highest common factor of 42825 and 225?
75
Calculate the highest common divisor of 116 and 923012.
116
Calculate the greatest common divisor of 592 and 267416.
8
What is the greatest common divisor of 3249 and 63536?
361
Calculate the highest common factor of 72501 and 33.
33
Calculate the greatest common divisor of 17904 and 96.
48
Calculate the highest common divisor of 341934 and 12.
6
Calculate the greatest common factor of 2829 and 253.
23
Calculate the greatest common factor of 53621 and 87.
29
Calculate the highest common divisor of 30052 and 264.
44
Calculate the greatest common factor of 700 and 4690.
70
Calculate the greatest common divisor of 457954 and 98.
98
Calculate the greatest common factor of 160 and 3460.
20
What is the greatest common factor of 4242 and 16842?
42
Calculate the highest common factor of 50 and 784710.
10
Calculate the highest common divisor of 60 and 794.
2
What is the highest common factor of 4160 and 493090?
130
What is the highest common divisor of 83 and 587474?
83
What is the highest common divisor of 159 and 3582588?
159
What is the highest common divisor of 99218 and 532?
266
What is the greatest common divisor of 9872 and 897118?
1234
Calculate the highest common divisor of 115346 and 176.
22
What is the greatest common factor of 116184 and 25956?
1236
Calculate the highest common factor of 312498 and 3402.
486
Calculate the greatest common divisor of 1072 and 32416.
16
Calculate the highest common factor of 445068 and 27896.
1268
What is the highest common divisor of 42450 and 300?
150
What is the greatest common factor of 72378 and 2034?
18
What is the greatest common divisor of 741 and 3818867?
247
What is the greatest common factor of 415284 and 12?
12
Calculate the highest common divisor of 230922 and 18.
18
Calculate the greatest common divisor of 6688 and 525426.
418
What is the greatest common factor of 15 and 2261475?
15
Calculate the highest common divisor of 28462 and 27392.
214
Calculate the greatest common divisor of 20628 and 8.
4
Calculate the greatest common divisor of 12307 and 4743.
31
What is the highest common divisor of 212859 and 522?
9
Calculate the greatest common divisor of 3140 and 1099.
157
Calculate the greatest common divisor of 400 and 8600.
200
What is the highest common factor of 1218 and 8352?
174
What is the greatest common factor of 195858 and 198?
18
Calculate the greatest common factor of 64 and 72904.
8
What is the highest common divisor of 3468 and 1506?
6
Calculate the greatest common divisor of 318 and 826005.
159
What is the highest common factor of 4389 and 34181?
133
What is the highest common divisor of 4209 and 208071?
183
What is the highest common factor of 33 and 36069?
33
What is the greatest common factor of 2916 and 64?
4
Calculate th